What is p(22)?
-156
Let u(x) = x**3 - 7*x**2 + x + 602. Calculate u(0).
602
Let b(z) = -39*z + 1179. Determine b(30).
9
Let k(p) = -6*p**2 + 107*p + 1234. Determine k(-8).
-6
Let m(g) = -g**2 - 9217*g + 92268. Determine m(10).
-2
Let v(w) = -25*w + 139. Calculate v(6).
-11
Let v(s) = 5*s - 155. What is v(10)?
-105
Let c(f) = 46*f**2 + 220*f - 439. Calculate c(2).
185
Let k(h) = -h**2 - 176*h - 1344. Calculate k(-8).
0
Let r(y) = 63*y + 1. Calculate r(-2).
-125
Let a(o) = 3957*o - 7965. Give a(2).
-51
Let q(h) = -478*h + 1352. Calculate q(3).
-82
Let o(f) = -15*f**2 - 1692*f - 3385. Determine o(-2).
-61
Let g(f) = -42*f**3 + 1595*f**2 + 38*f + 36. What is g(38)?
36
Let g(p) = -4*p**2 - 28*p + 92. Calculate g(3).
-28
Let x(b) = -29*b + 39. Determine x(6).
-135
Let w(l) = -l**3 - 10*l**2 + 28*l + 38. Calculate w(-12).
-10
Let q(b) = 8*b + 4. Give q(-7).
-52
Let o(p) = -2*p**3 + 14*p**2 + 133*p + 99. Give o(-5).
34
Let p(i) = 2*i**3 + 48*i**2 - 45*i - 1120. Determine p(-24).
-40
Let l(r) = 134*r + 8038. Give l(-60).
-2
Let k(f) = 246*f + 4924. What is k(-20)?
4
Let m(g) = -8*g - 54. Determine m(-26).
154
Let w(i) = -40*i**2 + 2*i + 14. Give w(-3).
-352
Let p(j) = 10*j + 79. Determine p(-22).
-141
Let b(v) = -v**3 - 5*v**2 + 14*v - 16. Give b(-7).
-16
Let f(k) = -k**3 - k**2 - 340*k - 681. Give f(-2).
3
Let k(s) = s**3 - 17*s**2 - 45*s + 457. Calculate k(18).
-29
Let r(p) = -p**3 + 24*p**2 + 6*p - 83. What is r(24)?
61
Let s(b) = 43*b - 150. Give s(4).
22
Let f(l) = -5*l + 138. Determine f(32).
-22
Let c(i) = -i**3 - 3*i**2 - i + 10. Determine c(0).
10
Let l(f) = -10*f**2 - 165*f - 59. Give l(-16).
21
Let d(i) = -i**3 + 7*i**2 + 3*i - 5. Give d(6).
49
Let a(s) = -79*s - 963. Calculate a(-12).
-15
Let v(z) = -2*z**3 - 37*z**2 - 127*z - 25. Determine v(-14).
-11
Let y(l) = 20*l**3 - 422*l**2 + 43*l - 66. Determine y(21).
-45
Let c(l) = -4*l**2 + 8*l. Give c(3).
-12
Let n(d) = 5*d**3 + 22*d**2 + 12*d + 10. Give n(-4).
-6
Let g(c) = 2*c**3 + 77*c**2 + 31*c - 39. Determine g(-38).
227
Let y(z) = -z**3 - 155*z**2 + 210*z + 8463. What is y(-156)?
39
Let i(n) = -235*n + 4938. What is i(21)?
3
Let t(p) = 8788*p - 96668. What is t(11)?
0
Let w(y) = y**2 - 31*y - 1182. Determine w(-25).
218
Let u(f) = -78*f**2 - 298*f + 51. What is u(-4)?
-5
Let d(x) = -2*x**2 - 8*x + 229. Give d(9).
-5
Let d(u) = 68*u**2 - 94*u - 192. What is d(-2)?
268
Let p(v) = -669*v - 2685. What is p(-4)?
-9
Let f(q) = 12*q**2 - 47*q + 9. What is f(4)?
13
Let s(d) = -2*d**2 + 52*d - 272. What is s(19)?
-6
Let i(t) = 6*t**3 + 100*t**2 + 63*t - 28. Give i(-16).
-12
Let a(j) = 5*j**3 - 75*j**2 + 5*j - 83. Determine a(15).
-8
Let j(o) = o**3 - 17*o**2 - 11*o - 168. Give j(19).
345
Let k(w) = -w + 81. Calculate k(79).
2
Let w(b) = -43*b + 1635. Give w(26).
517
Let i(z) = z**3 - 177*z**2 - 960*z - 25259. What is i(183)?
-5
Let j(k) = -1292*k**2 + 6465*k - 11. Determine j(5).
14
Let n(g) = 3*g**3 - 2*g**2 + 87*g - 184. Calculate n(2).
6
Let a(r) = -r**2 + 85*r - 1040. What is a(15)?
10
Let o(w) = 185*w + 4277. Determine o(-23).
22
Let d(s) = -s**3 - 6*s**2 + 56*s + 4. What is d(4)?
68
Let z(w) = -w**2 + 81*w - 1243. Give z(46).
367
Let z(j) = j**3 - 85*j**2 - 456*j - 2. What is z(-5)?
28
Let p(t) = t**3 + 30*t**2 - t - 54. Determine p(-30).
-24
Let l(f) = 1136*f + 5652. Give l(-5).
-28
Let c(u) = 102*u**3 - u**2 - 3*u + 4. What is c(1)?
102
Let p(d) = -8*d**3 + 615*d**2 + 72*d + 396. Give p(77).
11
Let w(q) = 108*q + 3244. Determine w(-30).
4
Let v(p) = 26*p + 777. Give v(-31).
-29
Let c(o) = o**3 - 49*o**2 + 222*o + 98. What is c(44)?
186
Let u(s) = 9*s**2 - 134*s - 4. Calculate u(16).
156
Let t(m) = -9*m**2 - 2*m + 58. What is t(-3)?
-17
Let d(x) = x**3 + 127*x**2 - 517*x - 28. Give d(4).
0
Let h(y) = -136*y - 413. Give h(-4).
131
Let g(m) = -m**3 - 247*m**2 + 269*m + 5206. Give g(-248).
-2
Let f(u) = 6*u**2 - 87*u - 62. Give f(15).
-17
Let d(m) = -29*m**2 + 461*m + 28. Calculate d(16).
-20
Let w(v) = 2*v**3 + 53*v**2 - 30*v - 61. Determine w(-27).
20
Let d(f) = -f - 9. What is d(20)?
-29
Let d(f) = -4*f**3 + 8*f**2 - 11*f + 21. Determine d(6).
-621
Let i(o) = 12*o - 144. What is i(13)?
12
Let q(h) = -4*h**2 - 139*h - 934. Determine q(-9).
-7
Let y(b) = -2*b**3 + 13*b**2 - 19*b + 9. Calculate y(5).
-11
Let r(i) = -i**2 - 104*i - 1098. Determine r(-13).
85
Let i(v) = v**3 - 11*v**2 + 37*v - 22. What is i(7)?
41
Let n(v) = -1263*v - 7661. Give n(-6).
-83
Let q(o) = -103*o - 813. Give q(-7).
-92
Let f(c) = 7*c - 187. Give f(30).
23
Let d(m) = 7*m**2 - 32*m - 58. What is d(-2)?
34
Let w(d) = -17*d + 2647. What is w(158)?
-39
Let a(b) = 6*b**2 - 4. Give a(-1).
2
Let f(j) = -9*j**2 + 639*j + 3. Determine f(71).
3
Let u(i) = 25*i + 446. What is u(-12)?
146
Let u(o) = o**2 + 65*o + 3. Give u(-65).
3
Let s(z) = -6*z**3 - 29*z**2 + 22*z + 79. Give s(-5).
-6
Let l(o) = o**3 + 4*o**2 + o + 19. Give l(-4).
15
Let u(a) = a**2 + a - 35. Determine u(0).
-35
Let g(v) = -29*v**3 - 872*v**2 - 51*v + 272. What is g(-30)?
2
Let l(v) = -167*v**3 + 2*v**2 + 2*v. Determine l(-1).
167
Let c(u) = -10*u - 19. Calculate c(-4).
21
Let c(t) = -8*t**2 + 47*t + 46. What is c(-1)?
-9
Let m(c) = 2*c**3 - 16*c**2 - 19*c - 24. Calculate m(10).
186
Let m(l) = -l**2 - 97*l - 63. Determine m(-96).
33
Let d(k) = -4*k**3 + 14*k**2 - 26*k - 25. Give d(3).
-85
Let j(d) = -2*d**3 + 54*d**2 + 1386*d + 157. Give j(-16).
-3
Let w(u) = 2*u**3 + 16*u**2 + 3*u - 93. Determine w(-7).
-16
Let f(d) = -10186*d - 71306. Determine f(-7).
-4
Let n(d) = -66*d + 1065. Calculate n(16).
9
Let p(b) = 3*b**2 + 4*b + 38. What is p(5)?
133
Let a(s) = -2*s**3 - 102*s**2 - 177*s + 104. What is a(-49)?
-827
Let r(o) = o**3 + 7*o**2 - 27*o - 15. Give r(-11).
-202
Let g(d) = -2*d**3 + 202*d**2 + 220*d - 1638. Give g(102).
-6
Let w(z) = z**3 - 8*z + 11. Determine w(-5).
-74
Let c(a) = 5*a**2 - 178*a + 158. Determine c(34).
-114
Let d(k) = 7*k**3 - 3*k + 4. Determine d(-2).
-46
Let w(v) = 505*v - 4547. Calculate w(9).
-2
Let o(t) = -432*t - 2239. What is o(-5)?
-79
Let f(w) = -8*w**3 - 2*w**2 + 26*w + 6. Calculate f(4).
-434
Let t(p) = 73*p**3 + 9*p + 10. Determine t(-1).
-72
Let p(t) = t**2 + 2*t + 8. Give p(-3).
11
Let i(r) = 2*r**2 - 19*r - 81. Calculate i(-5).
64
Let d(v) = -v**3 - 34*v**2 + 94*v + 2003. Calculate d(-35).
-62
Let d(t) = -t**3 + 287*t**2 - 10694*t + 492. Determine d(243).
6
Let f(g) = -g**3 - 145*g**2 - 684*g + 2237. Give f(-140).
-3
Let u(a) = 6*a**2 - 17*a - 11. Calculate u(3).
-8
Let z(r) = -3*r**2 + 37*r + 50. Determine z(12).
62
Let m(f) = -541*f + 98. Give m(-1).
639
Let n(z) = -7*z**2 - 95*z + 139. Determine n(-15).
-11
Let o(y) = -y**3 - 14*y**2 - 11*y + 37. Calculate o(-12).
-119
Let p(z) = -z**2 - 71*z + 1468. What is p(-88)?
-28
Let k(w) = w**3 + 27*w**2 - 489*w - 13394. Calculate k(-26).
-4
Let x(w) = -35*w - 240. What is x(-7)?
5
Let n(f) = -6*f + 55. What is n(2)?
43
Let j(u) = -u**2 + 33*u - 136. Calculate j(27).
26
Let o(q) = q**2 + 97*q - 1368. Calculate o(-110).
62
Let b(v) = -109*v - 7241. Determine b(-66).
-47
Let a(p) = p**3 + 21*p**2 + 48*p + 195. Calculate a(-19).
5
Let n(j) = -j**3 - 39*j**2 - 34*j + 235. Give n(-38).
83
Let k(r) = -73*r - 6396. What is k(-87)?
-45
Let b(w) = w**3 + 28*w**2 + 187*w - 66. What is b(-14)?
60
Let x(v) = -19*v - 343. What is x(-13)?
-96
Let z(y) = -y**3 - 18*y**2 + 127*y + 5. Determine z(-23).
-271
Let a(n) = -23*n**3 + n**2 - 11*n + 27. What is a(2)?
-175
Let n(k) = -13*k**3 + 17*k + 36. What is n(-2)?
106
Let q(r) = -r**3 - 219*r**2 + 216*r - 893. Determine q(-220).
-13
Let l(r) = -31*r**2 - 11*r + 31. Give l(2).
-115
Let w(t) = -t**3 - 33*t**2 + 3*t - 820. Determine w(-34).
234
Let b(s) = 61*s - 19. What is b(0)?
-19
Let b(n) = -n**3 - 44*n**2 - 7*n - 314. Determine b(-44).
-6
Let c(f) = 6*f**2 - 59*f - 84. Determine c(11).
-7
Let j(n) = n**2 + 12*n + 24. What is j(-3)?
-3
Let g(c) = c**2 + 150*c + 718. Give g(-5).
-7
Let p(s) = -29*s + 754. What is p(31)?
-145
Let l(t) = -t**2 - 14*t - 84. Determine l(-13).
-71
Let f(u) = 315*u - 280. Calculate f(1).
35
Let m(x) = x**3 - 24*x**2 + 46*x + 31. What is m(22)?
75
Let c(y) = y**2 - 40*y - 710. What is c(52)?
-86
Let m(x) = -2*x**2 - 65*x + 40. Calculate m(-35).
-135
Let t(a) = 1303*a + 3927. Give t(-3).
18
Let h(j) = 39*j + 407. Determ